{"id":928,"date":"2022-12-29T11:25:07","date_gmt":"2022-12-29T11:25:07","guid":{"rendered":"https:\/\/janssencosmetics.lt\/?post_type=product&#038;p=928"},"modified":"2026-01-20T14:12:02","modified_gmt":"2026-01-20T14:12:02","slug":"deninis-drekinamasis-kremas-su-atspalviu","status":"publish","type":"product","link":"https:\/\/janssencosmetics.lt\/en\/produktas\/deninis-drekinamasis-kremas-su-atspalviu\/","title":{"rendered":"Dieninis dr\u0117kinamasis kremas su spalva, 50ml"},"content":{"rendered":"<p>\u0160velniai i\u0161lyginantis ton\u0105 kremas, pagerina bendr\u0105 odos tekst\u016br\u0105. Kremas saugo od\u0105 vis\u0105 dien\u0105 nuo i\u0161orini\u0173 neigiam\u0173 veiksni\u0173 (v\u0117jo, saul\u0117s, \u00a0dulki\u0173, purvo), ma\u017eina rauk\u0161li\u0173 matomum\u0105. Efektyviai gausiai dr\u0117kina od\u0105, maitina, o lengvas tonuojantis poveikis suteikia odai gaivumo. Tinka visiems odos atspalviams.<strong><br \/>\n<strong>Veiklieji komponentai: <\/strong><\/strong>tonuojantys pigmentai, sacharidai, vitaminas E, UVA ir UVB filtrai.<strong><strong><br \/>\n<strong>Naudojimas:<\/strong><\/strong><\/strong> naudoti ant \u0161varios veido odos ir paaki\u0173 zonos.<\/p>\n","protected":false},"excerpt":{"rendered":"<p>Kremas su atspalviu kasdieninei odos prie\u017ei\u016brai.<\/p>\n","protected":false},"featured_media":929,"template":"","meta":[],"product_cat":[31,37,24],"product_tag":[],"_links":{"self":[{"href":"https:\/\/janssencosmetics.lt\/en\/wp-json\/wp\/v2\/product\/928"}],"collection":[{"href":"https:\/\/janssencosmetics.lt\/en\/wp-json\/wp\/v2\/product"}],"about":[{"href":"https:\/\/janssencosmetics.lt\/en\/wp-json\/wp\/v2\/types\/product"}],"wp:featuredmedia":[{"embeddable":true,"href":"https:\/\/janssencosmetics.lt\/en\/wp-json\/wp\/v2\/media\/929"}],"wp:attachment":[{"href":"https:\/\/janssencosmetics.lt\/en\/wp-json\/wp\/v2\/media?parent=928"}],"wp:term":[{"taxonomy":"product_cat","embeddable":true,"href":"https:\/\/janssencosmetics.lt\/en\/wp-json\/wp\/v2\/product_cat?post=928"},{"taxonomy":"product_tag","embeddable":true,"href":"https:\/\/janssencosmetics.lt\/en\/wp-json\/wp\/v2\/product_tag?post=928"}],"curies":[{"name":"wp","href":"https:\/\/api.w.org\/{rel}","templated":true}]}}

Dieninis drėkinamasis kremas su spalva, 50ml

<p>Švelniai išlyginantis toną kremas, pagerina bendrą odos tekstūrą. Kremas saugo odą visą dieną nuo išorinių neigiamų veiksnių (vėjo, saulės,  dulkių, purvo), mažina raukšlių matomumą. Efektyviai gausiai drėkina odą, maitina, o lengvas tonuojantis poveikis suteikia odai gaivumo. Tinka visiems odos atspalviams.<strong><br />
<strong>Veiklieji komponentai: </strong></strong>tonuojantys pigmentai, sacharidai, vitaminas E, UVA ir UVB filtrai.<strong><strong><br />
<strong>Naudojimas:</strong></strong></strong> naudoti ant švarios veido odos ir paakių zonos.</p>

<p>Kremas su atspalviu kasdieninei odos priežiūrai.</p>
