{"id":680,"date":"2022-12-20T09:09:51","date_gmt":"2022-12-20T09:09:51","guid":{"rendered":"https:\/\/janssencosmetics.lt\/?post_type=product&#038;p=680"},"modified":"2026-01-20T14:10:45","modified_gmt":"2026-01-20T14:10:45","slug":"dieninis-balansuojantis-kremas-su-atspalviu","status":"publish","type":"product","link":"https:\/\/janssencosmetics.lt\/en\/produktas\/dieninis-balansuojantis-kremas-su-atspalviu\/","title":{"rendered":"Dieninis kremas su prisitaikan\u010diu atspalviu, 50ml"},"content":{"rendered":"<p>Dieninis balansuojantis kremas su atspalviu normalizuoja riebalini\u0173 liauk\u0173 veikl\u0105, gerina por\u0173 b\u016bkl\u0119 ir suteikia mati\u0161kumo. Dr\u0117kina ir mink\u0161tina od\u0105, lygina rauk\u0161les sukeltas sausumo.<br \/>\n<strong>Veiklieji komponentai:<\/strong> Inozitolis, alavijo ekstraktas, raudon\u0173j\u0173 dumbli\u0173 (Chondrus crispus) ekstraktas, angliavandeniai i\u0161 ry\u017ei\u0173 s\u0117len\u0173, mati\u0161kumo suteikian\u010dios mikrodalel\u0117s (smulk\u016bs poliamido milteliai), tonuojantys pigmentai, gliukoz\u0117, vitaminai C ir E.<br \/>\n<strong>Naudojimas:<\/strong> kasdien ryte tepti \u0161vari\u0105 veido od\u0105.<\/p>\n","protected":false},"excerpt":{"rendered":"<p>\u0160velnus suteikiantis atspalv\u012f kremas, skirtas subalansuotai mi\u0161rios odos prie\u017ei\u016brai.<\/p>\n","protected":false},"featured_media":681,"template":"","meta":[],"product_cat":[27,37],"product_tag":[],"_links":{"self":[{"href":"https:\/\/janssencosmetics.lt\/en\/wp-json\/wp\/v2\/product\/680"}],"collection":[{"href":"https:\/\/janssencosmetics.lt\/en\/wp-json\/wp\/v2\/product"}],"about":[{"href":"https:\/\/janssencosmetics.lt\/en\/wp-json\/wp\/v2\/types\/product"}],"wp:featuredmedia":[{"embeddable":true,"href":"https:\/\/janssencosmetics.lt\/en\/wp-json\/wp\/v2\/media\/681"}],"wp:attachment":[{"href":"https:\/\/janssencosmetics.lt\/en\/wp-json\/wp\/v2\/media?parent=680"}],"wp:term":[{"taxonomy":"product_cat","embeddable":true,"href":"https:\/\/janssencosmetics.lt\/en\/wp-json\/wp\/v2\/product_cat?post=680"},{"taxonomy":"product_tag","embeddable":true,"href":"https:\/\/janssencosmetics.lt\/en\/wp-json\/wp\/v2\/product_tag?post=680"}],"curies":[{"name":"wp","href":"https:\/\/api.w.org\/{rel}","templated":true}]}}

Dieninis kremas su prisitaikančiu atspalviu, 50ml

<p>Dieninis balansuojantis kremas su atspalviu normalizuoja riebalinių liaukų veiklą, gerina porų būklę ir suteikia matiškumo. Drėkina ir minkština odą, lygina raukšles sukeltas sausumo.<br />
<strong>Veiklieji komponentai:</strong> Inozitolis, alavijo ekstraktas, raudonųjų dumblių (Chondrus crispus) ekstraktas, angliavandeniai iš ryžių sėlenų, matiškumo suteikiančios mikrodalelės (smulkūs poliamido milteliai), tonuojantys pigmentai, gliukozė, vitaminai C ir E.<br />
<strong>Naudojimas:</strong> kasdien ryte tepti švarią veido odą.</p>

<p>Švelnus suteikiantis atspalvį kremas, skirtas subalansuotai mišrios odos priežiūrai.</p>
