{"id":1059,"date":"2023-01-10T14:51:12","date_gmt":"2023-01-10T14:51:12","guid":{"rendered":"https:\/\/janssencosmetics.lt\/?post_type=product&#038;p=1059"},"modified":"2024-11-25T14:15:30","modified_gmt":"2024-11-25T14:15:30","slug":"serumas-intensyviai-sviesinantis-pigmentines-demes","status":"publish","type":"product","link":"https:\/\/janssencosmetics.lt\/en\/produktas\/serumas-intensyviai-sviesinantis-pigmentines-demes\/","title":{"rendered":"Serumas intensyviai \u0161viesinantis pigmentines d\u0117mes, 30ml"},"content":{"rendered":"<p>Reguliariai naudojant, priemon\u0117 ma\u017eina pigmentini\u0173 d\u0117mi\u0173 ri\u0161kum\u0105 bei apsaugo nuo nauj\u0173 pigmentini\u0173 d\u0117mi\u0173 atsiradimo. Suteikia odai gaivumo, i\u0161lygina veido spalv\u0105. Ma\u017eina sausumo sukeltas rauk\u0161les. Lygina odos mikroreljef\u0105.<br \/>\n<strong>Veiklieji komponentai:<\/strong> Age Spot Corrector* kompleksas, invertuotas cukrus, ilgosios ir trumposios grandin\u0117s hialurono r\u016bg\u0161tis,vitaminas E,\u0161ilko pudra.<br \/>\n<strong>Naudojimas: <\/strong>Age Spot Corrector ryte ir\/arba vakare tepti \u0161vari\u0105 veido od\u0105, \u0161velniai \u012fmasa\u017euoti kol susigers, ir u\u017etepti \u012fprast\u0105 dienin\u012f ar naktin\u012f krem\u0105 ant vir\u0161aus.<br \/>\n<strong>Patarimas:<\/strong> ryte b\u016btinai tepti Face Guard 30 ant Dark Spot Perfector, palaukite kelet\u0105 sekund\u017ei\u0173, kad produktas \u012fsigert\u0173 \u012f od\u0105, o tada naudokite savo \u012fprast\u0105 dienin\u012f krem\u0105.<\/p>\n","protected":false},"excerpt":{"rendered":"<p>Serumas i\u0161lygina odos spalv\u0105 ir strukt\u016br\u0105.<\/p>\n","protected":false},"featured_media":1064,"template":"","meta":[],"product_cat":[34,117],"product_tag":[],"_links":{"self":[{"href":"https:\/\/janssencosmetics.lt\/en\/wp-json\/wp\/v2\/product\/1059"}],"collection":[{"href":"https:\/\/janssencosmetics.lt\/en\/wp-json\/wp\/v2\/product"}],"about":[{"href":"https:\/\/janssencosmetics.lt\/en\/wp-json\/wp\/v2\/types\/product"}],"wp:featuredmedia":[{"embeddable":true,"href":"https:\/\/janssencosmetics.lt\/en\/wp-json\/wp\/v2\/media\/1064"}],"wp:attachment":[{"href":"https:\/\/janssencosmetics.lt\/en\/wp-json\/wp\/v2\/media?parent=1059"}],"wp:term":[{"taxonomy":"product_cat","embeddable":true,"href":"https:\/\/janssencosmetics.lt\/en\/wp-json\/wp\/v2\/product_cat?post=1059"},{"taxonomy":"product_tag","embeddable":true,"href":"https:\/\/janssencosmetics.lt\/en\/wp-json\/wp\/v2\/product_tag?post=1059"}],"curies":[{"name":"wp","href":"https:\/\/api.w.org\/{rel}","templated":true}]}}

Serumas intensyviai šviesinantis pigmentines dėmes, 30ml

<p>Reguliariai naudojant, priemonė mažina pigmentinių dėmių riškumą bei apsaugo nuo naujų pigmentinių dėmių atsiradimo. Suteikia odai gaivumo, išlygina veido spalvą. Mažina sausumo sukeltas raukšles. Lygina odos mikroreljefą.<br />
<strong>Veiklieji komponentai:</strong> Age Spot Corrector* kompleksas, invertuotas cukrus, ilgosios ir trumposios grandinės hialurono rūgštis,vitaminas E,šilko pudra.<br />
<strong>Naudojimas: </strong>Age Spot Corrector ryte ir/arba vakare tepti švarią veido odą, švelniai įmasažuoti kol susigers, ir užtepti įprastą dieninį ar naktinį kremą ant viršaus.<br />
<strong>Patarimas:</strong> ryte būtinai tepti Face Guard 30 ant Dark Spot Perfector, palaukite keletą sekundžių, kad produktas įsigertų į odą, o tada naudokite savo įprastą dieninį kremą.</p>

<p>Serumas išlygina odos spalvą ir struktūrą.</p>
